git of c?
3
Let l = 805 + 11346. What is the ten thousands digit of l?
1
Suppose -148639 = -4*o + b, 2*o + 3*o - 3*b = 185790. What is the tens digit of o?
6
Let t(h) = 61*h - 117. Let v be t(9). Suppose 63*i = 62*i + v. What is the units digit of i?
2
Let d be (-4)/12 - 1561/(-3). Suppose d = g - 446. What is the tens digit of (-2)/8 + g/56?
1
Let i(w) = 31*w - 34. Let g be i(0). What is the hundreds digit of -2*(2/(-2))/(g/(-2669))?
1
Suppose 5*c - j - 70 = -30, -3*j = c - 24. Suppose c*q - 63 - 1854 = 0. What is the hundreds digit of q?
2
Let b(u) be the second derivative of -7/2*u**2 + 1/20*u**5 + 0 + 1/2*u**4 + 18*u + 0*u**3. What is the units digit of b(-5)?
8
What is the tens digit of (-928911)/(-33) - ((-1793)/(-121) + -15)?
4
Let a = 1703 + 278. Suppose 16*n + a = 11325. What is the units digit of n?
4
What is the tens digit of 128/896 + (-167782)/(-7)?
6
Let i = 37 - 1. Suppose -w + i = 8*w. Let p(j) = 3*j**2 + 7*j - 6. What is the units digit of p(w)?
0
Let w be (13 + -28)*1/15*-3. What is the tens digit of ((w - -1)*-1)/((-16)/2096)?
2
Let f = 2798 - 1988. What is the units digit of f?
0
Let o = 1550 + 34267. What is the tens digit of o?
1
What is the tens digit of ((-9498)/10)/(49/((-13720)/42))?
3
Suppose 400 = 56*w - 58*w. Let m = w + 106. Let g = m - -143. What is the units digit of g?
9
Let y = -48 - -44. Let d be -2 + y + 0 + -1. What is the tens digit of (-36)/(d/14 + 2/(-4))?
3
What is the hundreds digit of (65 + -72)/((-3)/5913)?
7
Let c = 142 + -103. Suppose c*y = 11037 + 10296. What is the hundreds digit of y?
5
Let y(j) = 533*j - 27. Let r be y(4). Let k = r + -1221. What is the units digit of k?
4
Let h be (1 + 15)*(-2 + 3). Let f(j) = -j**3 + 17*j**2 - 17*j + 28. Let p be f(h). What is the units digit of -5 - (-52)/p - (-1240)/6?
6
Suppose -75*g + 86*g = 77. Suppose 6*c - g*c + 660 = 0. What is the units digit of c?
0
Let r(l) = -6*l**2 + 1255*l + 472. What is the tens digit of r(175)?
4
Suppose -5*i + 4*l + 14306 = -8546, 3*l + 18282 = 4*i. What is the hundreds digit of i?
5
Let r be 0 + 2 + 0 + 1. Suppose 3*p - 18 = -r*p. What is the units digit of 1/(654/(-219) + p)?
3
Suppose -2*h = -2*o - 6, 4*h = 13*o - 15*o + 12. Suppose o = 24*p - 23*p - 3*a - 346, 2*p - 5*a - 688 = 0. What is the hundreds digit of p?
3
Let f be 64/(-12)*(19 + -1). Suppose -4*h + 1137 = z, 0 = 3*h + 4*z - 1003 + 147. Let d = f + h. What is the units digit of d?
8
Suppose 2660 = -3*x - 3*o + o, -2*x - 1770 = 3*o. Let s = x - -1277. What is the units digit of s?
9
Let u(j) = -12*j - 53. Let b be u(-13). Let o = 212 + b. What is the hundreds digit of o?
3
Let y be 1/(-1 - 454/(-452)). Suppose 3*w = 55 - y. Let b = w - -107. What is the units digit of b?
0
Let j be 15/(-35) + 81711/(-49). Let a = -911 - j. What is the units digit of a?
7
Let i = -244 - -248. Suppose 3*w + 2*s - 787 = i*s, -4*w = 5*s - 1034. What is the tens digit of w?
6
What is the units digit of ((-56)/2)/(6/(-1092))?
6
Suppose 4*c - 2*p = -4*p + 2966, 0 = -4*p - 12. Suppose -35 = 2*x - c. What is the tens digit of x/10 + (-2)/5?
3
Let k(x) be the first derivative of x**3/3 + x**2/2 + 4*x - 5. Let n be k(7). Suppose 4*q + d = n, 5*d + 13 + 47 = 4*q. What is the tens digit of q?
1
Let r be 9 + 8*78/24. What is the hundreds digit of 7/r - 12453/(-35)?
3
Let r = -1265 + -22. Let u = 1820 + r. What is the units digit of u?
3
Let v(b) = 45*b + 49. Let o be v(-4). Let u = o + 240. What is the units digit of u?
9
Suppose -414*c + 54*c = -36*c - 13151808. What is the tens digit of c?
9
Let v(b) = -382 - b + 0*b + 397. Let k be v(12). Suppose -k*p + 12 = -0*p, 3*y - 287 = -2*p. What is the tens digit of y?
9
Suppose 67650 = 5919*d - 5904*d. What is the units digit of d?
0
Suppose 203010 = 8*h + f, -2*f = -2*h - 26571 + 77319. What is the units digit of h?
6
Suppose 11*g - 12*g + 2 = 0. Let n(h) = 7*h - 9. Let a be n(g). Suppose -a*f - 6*f + 1276 = 0. What is the units digit of f?
6
Let h be (-6)/(206/220 + 20/(-25)). Let z = h - -134. What is the tens digit of z?
9
What is the units digit of (-3)/(-12) + (81 - 83 - (-10110)/8)?
2
Let q(k) = 7*k + 29. Let n be -1*0/(1 - 5). Suppose -6*s + 20 + 40 = n. What is the units digit of q(s)?
9
Suppose -3*g - 816 = -6105. What is the tens digit of g?
6
Let i(b) = -b**3 + 13*b**2 + 4*b - 13. Let z(q) = q**3 + 8*q**2 + 9*q - 5. Let g be z(-6). Let r be i(g). Suppose -3*x + 0*x = -r. What is the tens digit of x?
1
Suppose -8*d = 8*d + 688. Let u(v) = v**3 + 47*v**2 + 152*v - 51. What is the hundreds digit of u(d)?
8
Let c = -51 + 54. Suppose c*y = -2*t + 24, 4*t - 30 = -3*y - 0*y. Suppose -2*b - l + 25 = -y*l, b = -3*l + 7. What is the tens digit of b?
1
Let i(z) = 0*z**2 + 8 - 5*z**3 - 10 + 1 - 2*z - 2*z**2. Let h be i(-2). What is the tens digit of (-42)/(2 + h/(-10))?
2
Let j be ((-15)/(-6))/((-5)/(-10)). Suppose j*p - 3*d + 8*d = 10, 30 = 5*p - 5*d. Suppose -p*y + 6*y - 124 = 0. What is the tens digit of y?
6
Let o(j) = -2*j**3 - 4*j**2 - 3*j - 1. Let l be o(-2). Suppose 5*m = -5*z + 2197 - 217, 5*z + 1940 = l*m. Let y = m + -187. What is the units digit of y?
5
Suppose 0 = -5*b - 3*d - 0*d + 1266, 2 = d. Suppose -1195 = -4*l - o, 2*l - 349 - b = 3*o. What is the hundreds digit of l?
2
Suppose 15*u - 6606 = -19*u + 33*u. What is the thousands digit of u?
6
Let t(b) = -696*b + 2971. What is the tens digit of t(-38)?
1
Let x(p) = 2*p + 34. Let s be x(-11). What is the tens digit of (s/(-9))/(2 - (-695)/(-345))?
9
Let g(j) = -j**3 - 2*j**2 + 968. Let v be g(0). Suppose 0*s - 3*s + 16 = 4*m, 4*m = -s. Suppose 0 = -16*a + s*a + v. What is the hundreds digit of a?
1
Let y = -107 + 255. Suppose -2*t - 472 = -r + y, 3*t - 2425 = -4*r. What is the tens digit of r?
1
Let a(r) = r**2 + 90*r - 807. What is the hundreds digit of a(69)?
1
Let u be (-6)/(-4)*(2 - -60)*2. Let i = -78 + -46. Let w = u + i. What is the tens digit of w?
6
Suppose -7*c + 8*c + 24 = 0. What is the hundreds digit of 4/c + (-6 - (-5791)/6)?
9
Let b be 0 + 4047 - -2 - 5/(-1). What is the hundreds digit of 4 + 99/(-27) + b/6?
6
Let t be (-10 + -422)/(-6) + 4/2. Suppose 4*x - d - 55 = -0*d, 2*x = -5*d + 11. Let r = t - x. What is the tens digit of r?
6
Suppose -132 = -113*t + 91*t. Suppose 2*z - 6072 = -t*z. What is the tens digit of z?
5
Let u = 20 - 20. Suppose 20 = 5*y, u = 5*c - 29*y + 32*y - 3317. What is the hundreds digit of c?
6
Suppose -4*i + 4504 = 320. Let z = -688 + i. What is the tens digit of z?
5
Let y be (363/(-6))/((-3)/(-6)). Suppose -18*s + 3280 = -2*s. Let u = y + s. What is the tens digit of u?
8
Let b(a) = 457*a**2 - 5*a + 15. What is the units digit of b(3)?
3
Suppose -2*y = -2*v + 5*v + 303, 4*v + 5*y = -404. Let z = 195 + v. What is the units digit of z?
4
Suppose -21*m = -18*m - 105. Let r = m - 24. What is the tens digit of (-2)/r - (-6665)/55?
2
Let m(b) = -b + 4. Let n be m(4). Let d(l) = 706865*l + 103 - 706862*l + 11. What is the hundreds digit of d(n)?
1
Suppose -332*c + 900642 = -126*c - 13107564. What is the thousands digit of c?
8
Let x(b) = -118*b + 40. Let u be x(1). Let y = 216 + u. What is the tens digit of y?
3
Suppose -3*g - 5*d - 79 = 0, 3*g + 3*d + 20 = -61. Let m be (-10 - -3)*60/g. Suppose -4*a = -a + m, 0 = j + 2*a - 7. What is the units digit of j?
7
Let o(c) = -132*c - 5. Let q(z) = -z**3 - 3*z**2 + 8*z + 13. Let w be q(-4). What is the tens digit of o(w)?
9
Let s be 184/56 - (-4)/(-14). Suppose -s*x = -2*x. Suppose -g = 2*z - 13, -3*g + 7 = 2*z - x*z. What is the units digit of z?
8
Let z(g) = 4546*g**2 - 504*g - 2001. What is the ten thousands digit of z(-4)?
7
Let d = -365 - -805. Let a = d - 265. What is the tens digit of a?
7
Suppose 26*m - 19*m + 7 = 0. What is the tens digit of m + 9 + (-15360)/(-30)?
2
Suppose 144 = 10*g + 464. Let j be g/(-10)*360/(-16). Let q = j + 90. What is the units digit of q?
8
Suppose 918 = 3*b + 2*n, 3*b + 18*n - 948 = 21*n. What is the tens digit of b?
1
Suppose -210 = -6*w - 234. Let s(b) = -94*b - 39. What is the hundreds digit of s(w)?
3
Let b = 26142 + -15748. What is the units digit of b?
4
Let a(o) = 46*o + 1753. What is the hundreds digit of a(0)?
7
Let x = -2104 - -5805. What is the thousands digit of x?
3
Suppose o + 3*y = -13, -5*o - 4*y + 7 = 17. Let w(c) = 28*c - 7*c - 2*c**2 + 8 + c**o. W